Suppose c + i = 2*i + 57, f = 3*c + q*i. What are the prime factors of c?
2, 7
Let t(g) = -g**3 - 17*g**2 + 16*g - 5. Let x be t(-18). Suppose 45 = 2*q - x. List the prime factors of q.
2, 19
Let m(c) = 303*c - 8. Let s be m(2). Let d = -406 + s. List the prime factors of d.
2, 3
Suppose n + 2127 = 5*q, 3*q + q + 2*n - 1696 = 0. What are the prime factors of q?
5, 17
Let m(s) = 5*s**3 + s**2 + s - 2. Let i be m(1). Suppose -6*v + 177 = -i*v. What are the prime factors of v?
3, 59
Suppose -4*d - 3*n + 3040 = 0, 2*d - 3*n - 1518 = -5*n. List the prime factors of d.
7, 109
Suppose -2*t + 0 - 1 = 5*g, t = g + 3. Let m be ((-2 + 2)/(-4))/g. Suppose -q + 4*q - 5*z = 188, 3*q - z - 196 = m. What are the prime factors of q?
2, 3, 11
Suppose -5*s = 10, 2*j - s - 82 = -2*j. Suppose 5*h + 32 = h. Let t = h + j. What are the prime factors of t?
2, 3
Suppose -5*i = 4*x - 10 - 10, -4*x + 20 = 4*i. Suppose -x*m + 60 - 15 = 0. What are the prime factors of m?
3
Let d(k) = 228*k**2 + 10*k - 3. List the prime factors of d(5).
7, 821
Let t = 4723 + -3227. What are the prime factors of t?
2, 11, 17
Let m be ((-6)/(-12))/((-3)/(-54)). Let h = m + -33. Let f = 45 + h. List the prime factors of f.
3, 7
Let x = -5 + 19. Suppose -20 - x = -z. Suppose -a + 0*a = -z. What are the prime factors of a?
2, 17
Let n(d) = 3*d**2 - 5*d + 2. Let l be n(2). Suppose -2*o + 4*o + 58 = 2*p, p + l*o - 4 = 0. List the prime factors of p.
2, 3
Let m be 47 + (-2)/2 + -1. Let v = 69 - m. Let r = 35 - v. What are the prime factors of r?
11
Let t(b) = -b + 16. Suppose 3*i = -5*s + 54, -s - 5*i + 42 = 2*s. Let a be t(s). Let j = a - -12. List the prime factors of j.
19
Suppose -4*v = -2*g - 13442, 3*g = -0*g - 3. Suppose 3*m - v = -13*m. What are the prime factors of m?
2, 3, 5, 7
Let d(j) = j**2 + 5*j - 6. Let o be d(5). Suppose 3*h = o - 164. List the prime factors of (-64)/h*(-5)/(-2).
2
Suppose -5*u - 67 = 2*f, 2*f - 6*f - u - 89 = 0. Let n = f + 22. What are the prime factors of 0 - (-18)/n*1?
2, 3
Let g(p) = p**2 - 7*p + 21. Let o be g(6). Suppose o*n = 19*n - 452. What are the prime factors of n?
113
Suppose -2*f - 8 + 4 = 0. Let p be (-26)/91 - f/7. Suppose 5*y = -p*y + 175. List the prime factors of y.
5, 7
Let d(m) be the third derivative of m**5/60 - 5*m**4/24 - 11*m**3/3 + 28*m**2. What are the prime factors of d(-12)?
2, 7, 13
Let t(s) = -s + 2. Let u be t(-4). What are the prime factors of (-144)/30*(-75)/u?
2, 3, 5
Suppose 3*c = -4*n + 9638, -5*n = 63*c - 64*c + 3219. List the prime factors of c.
2, 1607
Let m be (-2 - -458)/2*1. Let o be 3/(-5) + m/5. Let q = -18 + o. List the prime factors of q.
3
Let w(a) = 7*a + 42. Let r be w(19). Let x = r - 59. What are the prime factors of x?
2, 29
Suppose 0 = -5*p - 15, -4*g - p = -0*p + 19. Let y be (-129)/(-15) + g/(-10). List the prime factors of 18*(42/y - 2).
2, 3
Suppose 2*m = 3*y + 4*m - 5, 5*m = -10. Suppose y*b + 5*b = 16. Suppose 5*t = b*f - f - 1, -3*f = 2*t - 54. List the prime factors of f.
2
Let z = -699 + 1311. What are the prime factors of z?
2, 3, 17
Suppose -t + 1513 = 3*b, 5 = 2*t + 2*b - 3041. What are the prime factors of t?
2, 191
Suppose 0 = -2*f, 6*w - 4365 = w - 4*f. List the prime factors of w.
3, 97
Let c(y) = -6*y**2 + 9*y + 16. Let d(v) = -5*v**2 + 8*v + 17. Let k(n) = 3*c(n) - 4*d(n). What are the prime factors of k(7)?
43
What are the prime factors of 3/((-9)/(-1383)) + (-3)/(-1)?
2, 29
List the prime factors of (-6 - 3) + (717 - -3).
3, 79
Let f(p) = -5*p + 0*p - 3 - 3*p. Suppose -j + 12 = -4*y - 8, -5*j + 4 = 4*y. List the prime factors of f(y).
29
Let z(c) = -26*c - 44. Let t be z(-6). Suppose -9*r + t = -8*r. What are the prime factors of r?
2, 7
Suppose c = 6*n - 7*n - 21, c = -4*n - 69. Let s be 5/(-10)*(2 + n). Suppose -s*a + 2*a = -45. What are the prime factors of a?
3
Suppose 4*b + 5965 = 10*v - 5*v, v = 4*b + 1193. What are the prime factors of v?
1193
Let u(j) be the third derivative of 5*j**4/24 + j**3/6 + j**2. Suppose 6*o - 11*o = -15. List the prime factors of u(o).
2
List the prime factors of 4/(-7) - 1*(-24417)/63.
3, 43
Let b = 1991 - -274. List the prime factors of b.
3, 5, 151
Let t(p) be the third derivative of p**5/60 - p**4/24 + 5*p**3/2 - 3*p**2. What are the prime factors of t(0)?
3, 5
Let l be (-1)/(-6) + 217*3/(-18). Let x = -1 - l. List the prime factors of x.
5, 7
Let o(x) = 1509*x + 241. What are the prime factors of o(3)?
2, 149
Suppose -3*p = 72 - 78. Suppose f - p*i + 45 = 218, 4*f = 2*i + 710. List the prime factors of f.
179
Let h be 10/5 + 1*3. List the prime factors of 2/h + 3/(-30)*-1076.
2, 3
Let p(d) be the third derivative of -d**4/24 + 2*d**3 + 3*d**2. Let n be p(10). What are the prime factors of (-225)/(-6) + n/(-4)?
37
Let s(h) = 4*h**2 - 89*h - 19. List the prime factors of s(37).
2, 541
What are the prime factors of ((-2)/6)/((-9)/20115)?
5, 149
Let r(q) = q**3 - 9*q**2 - 19*q + 16. Let d be r(10). Let u = 204 + d. What are the prime factors of u?
2, 5, 13
Suppose u + 4 = 3. Let b(q) = 48*q**2 + q. List the prime factors of b(u).
47
Suppose 1 = -m - 2. Let z = 29 + m. What are the prime factors of z?
2, 13
Let s = -10926 - -15537. What are the prime factors of s?
3, 29, 53
Suppose 5*f + 0*f - 45 = 0. Suppose -f*c + 2*c + 434 = 0. List the prime factors of c.
2, 31
Let y(j) = 37*j - 26. Let x be 4/(10/6 + (-1 - 0)). List the prime factors of y(x).
2, 7
Let o(p) = 38*p**2 + 5*p + 16. List the prime factors of o(-3).
7
Let f(n) = n - 8. Let w be f(-9). Let u = w - -41. What are the prime factors of u?
2, 3
Let q(v) = -23*v + 51. Let p(c) = 67*c - 153. Let f(g) = 3*p(g) + 8*q(g). List the prime factors of f(12).
3, 17
Let x = -9212 + 13541. List the prime factors of x.
3, 13, 37
Let h(r) = 2*r**2 - 18*r + 3. Let t = 37 - 25. What are the prime factors of h(t)?
3, 5
Let j(y) = -y + 14. Let p be j(11). Suppose p*o + 63 = 192. Suppose -3 = -2*d + o. What are the prime factors of d?
23
Suppose n + 2*j - 7*j + 72 = 0, 3*n + 248 = -j. Let r = n - -162. List the prime factors of r.
2, 5
Suppose 2*r - s = 10 - 3, -3*r - 3*s + 15 = 0. Suppose -c = r*c - 275. List the prime factors of c.
5, 11
Suppose -6*l + l = -105. List the prime factors of (-9)/l - (-1748)/28.
2, 31
Suppose 0 = 6*n - n + 3*c + 55, c = -n - 11. Let p = n + 31. Suppose 0 = -0*u + 2*u - p. What are the prime factors of u?
2, 5
Let w = -1094 - -1097. Suppose p - 77 = -3*o, -98 = -4*o + 2*p + 8. Suppose -w*k + 22 = -o. List the prime factors of k.
2
Suppose -85*d + 343949 = -165456. What are the prime factors of d?
13, 461
Let m(d) = d**3 - 6*d**2 + 7*d - 8. Let a be (-3)/(-9)*0 + (-10)/(-2). List the prime factors of m(a).
2
Let z be (16/(-10))/(2/(-5)). Suppose -51 - 509 = -z*i. List the prime factors of i.
2, 5, 7
Suppose 2 = p - 1. Suppose -5 + 15 = 2*m. Suppose -2*n + p = -m. List the prime factors of n.
2
Let m(j) = -j**3 - 14*j**2 - 15*j - 23. List the prime factors of m(-15).
7, 61
Suppose 5*o + 0 = 30. Suppose 0 = o*t - 5*t - 93. What are the prime factors of t?
3, 31
What are the prime factors of (105138/(-44))/3*8/(-6)?
2, 3, 59
Suppose -22*m + 24*m = r + 5303, -4*m - 4*r + 10624 = 0. What are the prime factors of m?
7, 379
What are the prime factors of (4755/(-20))/(5/(-20))?
3, 317
Let a = 7 + 0. Suppose 0*x + 63 = a*x. Suppose -10*l + 30 = -x*l. What are the prime factors of l?
2, 3, 5
Suppose 0 = -4*v - 306 + 86. Let t = 80 + v. List the prime factors of t.
5
Let l = -58 - -61. Suppose 405 = 4*q - 5*p, -4*q + 213 + 184 = l*p. What are the prime factors of q?
2, 5
Let r = 592 + -50. List the prime factors of r.
2, 271
Let b be 6/(-9) + 2/(-6). List the prime factors of (b + 9)*4/16.
2
Let b be (-5)/(-1)*(-468)/(-45). Let d = -36 + b. Suppose 0*v + d = 2*v. What are the prime factors of v?
2
Suppose 0 = 3*a - 4*r - 2096, 2*r = -16 + 18. What are the prime factors of a?
2, 5, 7
What are the prime factors of 19233/9 - (4 + 20/(-5))?
2137
Let o(h) = 319*h**3 - 4*h**2 - 7*h + 11. What are the prime factors of o(2)?
17, 149
List the prime factors of ((-442)/(-39))/((-2)/(-117)).
3, 13, 17
Let v(m) be the third derivative of m**4/12 - 11*m**3/6 + 9*m**2. Let w be v(7). Suppose -12 = -2*c + 2*i, w*i - 15 = -3. List the prime factors of c.
2, 5
Let c(s) = -s**3 + 14*s**2 - 2*s + 10. What are t